he units digit of h?
5
Suppose 5*r = 84 + 486. Suppose 0 = 2*d - 5*d + r. Suppose -5*b - 37 = -4*v, -5*v - 2*b = -0*b - d. What is the units digit of v?
8
Let x(u) = 5*u + 2. Let s be 17/2*(-1 - -3). Let f = -13 + s. What is the tens digit of x(f)?
2
Let p(n) = -2*n**3 - 53*n**2 - 35*n - 62. What is the units digit of p(-26)?
2
Suppose 9*b = 99 + 90. What is the units digit of b?
1
Suppose 13 = -2*s + n, s + 2*n + 3 = -16. What is the units digit of (-6)/s - 103/(-3)?
5
Suppose 4 = -4*v + 6*v. Suppose v*b - 4 = 3*w - 2*w, -4 = -2*b + 4*w. Suppose -p + 3*p = b. What is the units digit of p?
1
Let o(j) = -j**2 + 64*j - 98. What is the hundreds digit of o(59)?
1
Let d(p) = -7*p + 1. Let v be d(-1). Let q(k) = k**3 - 7*k**2 - 9*k + 12. Let z be q(v). What is the tens digit of (z + 21)*(0 + 1)?
2
Suppose 0 = -0*s + 5*s + 195. Let i = s - -73. What is the units digit of i?
4
Suppose 3*g + 10 = -5*c, 7 + 1 = -2*c - 2*g. Let h(a) = 76*a**2 + a. What is the units digit of h(c)?
7
Let m(c) = 258*c**3 + 7*c**2 - 5*c - 6. What is the tens digit of m(2)?
7
Let l(m) = 5*m**2 + 26*m + 7. Let o = 43 - 49. What is the tens digit of l(o)?
3
Let d(a) = 1. Let b(y) = -y**3 - 6*y**2 - 3*y + 3. Let r(h) = b(h) - 2*d(h). Let x be r(-5). What is the tens digit of 1*29 + (x - -8)?
2
Let d(o) = -o**3 - 8*o**2 - 7*o - 7. Let x be d(-7). Let p(k) = -2*k**2 - 14*k + 1. Let i be p(x). Let u = i + 15. What is the units digit of u?
6
Let r(i) be the first derivative of -1/2*i**2 - 2 + 11*i. What is the tens digit of r(0)?
1
Let i(g) = 19*g - 6*g - 2*g**2 - 3 - 12*g - 5*g**3. What is the units digit of i(-2)?
7
Let j(q) = -3*q + 6. Let w be j(4). Let p = -22 + 42. Let i = w + p. What is the tens digit of i?
1
Suppose -9*p = -13*p + 8. Suppose 4*v - p = 3*v. Suppose -2*q + 9 + 43 = 2*w, -v = w. What is the units digit of q?
8
Suppose 2119 - 4306 = -9*n. What is the hundreds digit of n?
2
Suppose 47*o - 45*o + 34 = 0. Let j = o - -121. What is the hundreds digit of j?
1
Let r = 48 + -45. Suppose -r*y - 176 + 861 = 2*a, 0 = -y - 4*a + 245. What is the tens digit of y?
2
Suppose -16*t + 98382 = 22*t. What is the units digit of t?
9
Suppose -3*x = 0, -210 = -5*c - 2*x - x. Suppose -s + c = -81. What is the tens digit of s?
2
Let t = -23 + 302. What is the units digit of t?
9
Let i(k) = -k**3 - 7*k**2 - 2*k - 10. Let m be i(-7). Suppose -3*w = -19 + m. Suppose -w*y + 145 = 25. What is the units digit of y?
4
Suppose 128 = -5*y + 3*b - 4*b, -5*y = -3*b + 116. What is the tens digit of (-188)/(-5) - 10/y?
3
Let z(g) = g**3 - 7*g**2 + 4*g - 24. Let j be 2/(-4)*-1 + 689/106. What is the units digit of z(j)?
4
Let s = 111 - 104. Let j(v) = 21*v - 27. What is the hundreds digit of j(s)?
1
Suppose -2*v + 314 = 3*s, v = s + 3*s - 404. Let n = s + -50. What is the units digit of n?
2
Let x(q) be the third derivative of q**5/60 + 5*q**4/24 - q**3 + q**2. Suppose -3*s = -3*i + 18, s = -4*s - 3*i - 46. What is the units digit of x(s)?
8
Let w be (13/5 - 3)*-10. Suppose y + q + 179 = w*y, y + 5*q - 65 = 0. Suppose 0 = -5*d + y - 0. What is the tens digit of d?
1
What is the thousands digit of 135132/84 + 5 - (-2)/7?
1
Let v be (-24)/(-40) - (-34)/10. Suppose b + 3*b = -v*q - 40, 0 = -2*q - 4. Let g(c) = c**3 + 7*c**2 - 10*c - 9. What is the units digit of g(b)?
7
Suppose -4*h - 1615 = -6*h - y, h = -y + 809. What is the tens digit of h?
0
Let l = -209 - -526. What is the tens digit of l?
1
Let m(q) = 2*q + 3. Let g(h) = 2*h + 4. Let a(u) = 3*g(u) - 4*m(u). What is the tens digit of a(-5)?
1
Let h(c) be the second derivative of 14*c**3/3 + c**2/2 + 2*c. Let g = 6 + -5. What is the units digit of h(g)?
9
Let f(j) = -21*j + 8. Let w be f(-6). Suppose -4*p + 206 = -w. What is the tens digit of p?
8
Let b(w) = 31*w + 2 - 2 - 10 - 8. What is the tens digit of b(5)?
3
Let t(x) = 28 + 13 - 4*x - 29. What is the units digit of t(-4)?
8
Let y = -20 - -22. Let p be (y - 1)*(5 - 0). Suppose 39 + 1 = p*s. What is the units digit of s?
8
Let b = 397 + 1251. What is the units digit of b?
8
Let k(f) = -f**2 - 19*f - 16. Let o be 1 - 1/((-1)/5). Let n be ((-16)/3)/(o/18). What is the units digit of k(n)?
2
Let b(q) = -165*q - 304. What is the thousands digit of b(-15)?
2
Let k = 24 - 8. What is the tens digit of 1304/k + (-1)/2?
8
Suppose 0 = -2*n + 3*n + 5*f + 284, 1079 = -4*n - f. Let h = -160 - n. What is the units digit of h?
9
Let y(f) = -200*f + 5. What is the units digit of y(-4)?
5
Suppose 0 = -4*s + 5107 + 3241. What is the thousands digit of s?
2
Let i = 3 - -2. Suppose l - 3 = -0*l, 0 = -5*h + i*l + 225. What is the units digit of h?
8
Let b(r) = -r**2 + 48*r - 10. What is the tens digit of b(23)?
6
Let f(x) = 16*x - 1. Let h be f(1). Let m(g) = 8*g - 5. What is the hundreds digit of m(h)?
1
Suppose -91*o + 6 = -88*o. What is the units digit of (2 - 1)*(74 + -1 + o)?
5
Let x(h) = -3*h + 13. Let v(p) = -p + 5. Let d be v(13). What is the units digit of x(d)?
7
What is the hundreds digit of (-307)/(4 + -1 + 104/(-26))?
3
Suppose 2*w = -2*w + 5*r - 38, r + 2 = 0. Let t(k) be the third derivative of k**4/24 + 17*k**3/6 + 2*k**2. What is the units digit of t(w)?
5
Suppose 3*g - 77 = -0*v + v, 0 = -2*g + 3*v + 56. Suppose -1488 = g*c - 33*c. What is the units digit of c?
6
Let f = 50 - 198. Let j = f - -366. What is the hundreds digit of j?
2
Let m(r) = -r**3 + 5*r**2 + 2*r + 3. Let a be m(5). Suppose -a*h + 2572 = -223. What is the hundreds digit of h?
2
Suppose -13 = -7*k + 8. Let c(s) = 15*s**2 - 7*s + 8. What is the tens digit of c(k)?
2
Suppose -1 + 16 = 3*g. Let a(v) = -v**3 + 5*v**2 + 4. Let k be a(g). Let n(q) = q**3 - 3*q**2 + 4*q - 8. What is the units digit of n(k)?
4
Let t(x) be the third derivative of 3*x**4/4 - 5*x**3/2 + 47*x**2. What is the hundreds digit of t(10)?
1
Suppose 1802 = 2*s + m, -11*s - 3*m - 2694 = -14*s. What is the tens digit of s?
0
What is the tens digit of 2/(-13) + 63198/117?
4
Suppose w - 4*g - 1905 = 0, 5*w - 4*g = -8*g + 9549. What is the tens digit of w?
0
Suppose 0 = -5*y + 3*j - 19, 3*y - 4*j = -j - 15. Let n(m) = 39*m**2 + 4*m + 6. What is the units digit of n(y)?
4
Suppose g = -5*f + 156, g - 13*f + 15*f = 141. What is the units digit of g?
1
Suppose -2*o + 3*m = -344, 0*o = -2*o - 4*m + 330. Suppose -o = 4*g - 861. What is the tens digit of g?
7
Suppose -22*z = 3*u - 20*z - 3565, -4*z = -3*u + 3571. What is the units digit of u?
9
Let b = 1221 - 433. What is the units digit of b?
8
Suppose -10*h + 2811 = -749. What is the units digit of h?
6
Suppose -6050 = -11*m - 2200. Suppose -m = 5*w - 910. What is the hundreds digit of w?
1
Let w = -1 + 3. Suppose 2*h + w*h + 92 = j, 4*h = 8. What is the tens digit of j?
0
Suppose -2*s - 3*c + 1 = -16, -13 = -s - 3*c. Suppose 0 = s*t - 270 + 18. What is the units digit of t?
3
Let p = 9 + -5. What is the units digit of ((-2)/p)/((-1)/18)?
9
What is the units digit of 76/114 + (-1 - 1684/(-3))?
1
Suppose -3*i = -7 + 13. Let k = -81 + 46. What is the units digit of ((-7)/(-5) + i)*k?
1
Let l = 26 - 32. What is the tens digit of 1 - 528/(-9) - l/18?
6
Let b(t) = t**3 + 9*t**2 + 8*t + 2. Suppose 3*g + 2*l = -10 - 22, 44 = -5*g - l. Let s be b(g). Suppose a + s*j = 5*j + 2, j = 1. What is the units digit of a?
5
Suppose 3*b + 624 = 4*b - 3*q, 3*b - q = 1848. What is the tens digit of b?
1
Suppose 23*k = 2334 + 42171. What is the hundreds digit of k?
9
Suppose 0 = 5*s + 4*a - 63, -5*s - 3*a + 51 = -5*a. Let l be s*(1 - 0)*3. What is the tens digit of (-1 + -5)/((-6)/l)?
3
Let w(q) = 3*q**2 + 38*q + 106. What is the hundreds digit of w(-19)?
4
Let i be (5 + -6)*-2*11. Suppose 0 = -20*w + i*w - 92. What is the units digit of w?
6
Let v be (16/10)/(14/(-35)). What is the units digit of (-64)/((-2)/v*-2)?
4
Suppose 0 = 2*y + 5*b + 39, y + 6 + 26 = -5*b. Let r(c) = -3*c + 11898 - 11898 + 2*c. What is the units digit of r(y)?
7
What is the tens digit of 2/(-10) + (-7344)/(-45)?
6
Let u(h) = h + 1. Let x(p) = -5*p - 16. Let m(y) = 6*u(y) + x(y). Let q be m(4). Let j(i) = i**3 + 8*i**2 + 8*i + 5. What is the units digit of j(q)?
9
Suppose 0 = 9*u - u - 56. Suppose d - 5 = u. What is the units digit of d?
2
Suppose 8*n + 2*y + 4 = 3*n, 2*n = -3*y - 6. Suppose -4*j - 3 = -b - 2*j, -3*b - 5*j + 9 = n. What is the units digit of 14/21 + 